{"id":100,"date":"2015-06-18T18:17:07","date_gmt":"2015-06-18T16:17:07","guid":{"rendered":"https:\/\/www.grundschule-lastrup.de\/?page_id=100"},"modified":"2025-05-20T16:47:53","modified_gmt":"2025-05-20T14:47:53","slug":"fundsachen","status":"publish","type":"page","link":"https:\/\/www.grundschule-lastrup.de\/?page_id=100","title":{"rendered":"Fundsachen"},"content":{"rendered":"<div class=\"n\">\n<p><span style=\"text-decoration: underline;\">In unserer Schule bleiben leider manchmal Sachen liegen.<\/span><\/p>\n<\/div>\n<div class=\"n\">\n<p>Es suchen deshalb immer wieder Federm\u00e4ppchen, Turnbeutel, Pullover, Jacken, M\u00fctzen, Turnschuhe uvm. ihre Besitzer!<\/p>\n<p>Schauen Sie bitte regelm\u00e4\u00dfig mit ihrem Kind auf der Jackengarderobe in der Pausenhalle nach!<br \/>\nAndere Wertsachen wie Schl\u00fcssel, Geldbeutel, Brillen, Kettchen usw. werden meist bei Frau Stammermann oder den Klassenlehrkr\u00e4ften abgegeben.<\/p>\n<\/div>\n","protected":false},"excerpt":{"rendered":"<p>In unserer Schule bleiben leider manchmal Sachen liegen. Es suchen deshalb immer wieder Federm\u00e4ppchen, Turnbeutel, Pullover, Jacken, M\u00fctzen, Turnschuhe uvm. ihre Besitzer! Schauen Sie bitte regelm\u00e4\u00dfig mit ihrem Kind auf der Jackengarderobe in der Pausenhalle nach! Andere Wertsachen wie Schl\u00fcssel, Geldbeutel, Brillen, Kettchen usw. werden meist bei Frau Stammermann oder den Klassenlehrkr\u00e4ften abgegeben.<\/p>\n","protected":false},"author":4,"featured_media":0,"parent":69,"menu_order":3,"comment_status":"closed","ping_status":"open","template":"","meta":{"_mc_calendar":[],"footnotes":""},"class_list":["post-100","page","type-page","status-publish"],"_links":{"self":[{"href":"https:\/\/www.grundschule-lastrup.de\/index.php?rest_route=\/wp\/v2\/pages\/100","targetHints":{"allow":["GET"]}}],"collection":[{"href":"https:\/\/www.grundschule-lastrup.de\/index.php?rest_route=\/wp\/v2\/pages"}],"about":[{"href":"https:\/\/www.grundschule-lastrup.de\/index.php?rest_route=\/wp\/v2\/types\/page"}],"author":[{"embeddable":true,"href":"https:\/\/www.grundschule-lastrup.de\/index.php?rest_route=\/wp\/v2\/users\/4"}],"replies":[{"embeddable":true,"href":"https:\/\/www.grundschule-lastrup.de\/index.php?rest_route=%2Fwp%2Fv2%2Fcomments&post=100"}],"version-history":[{"count":8,"href":"https:\/\/www.grundschule-lastrup.de\/index.php?rest_route=\/wp\/v2\/pages\/100\/revisions"}],"predecessor-version":[{"id":3674,"href":"https:\/\/www.grundschule-lastrup.de\/index.php?rest_route=\/wp\/v2\/pages\/100\/revisions\/3674"}],"up":[{"embeddable":true,"href":"https:\/\/www.grundschule-lastrup.de\/index.php?rest_route=\/wp\/v2\/pages\/69"}],"wp:attachment":[{"href":"https:\/\/www.grundschule-lastrup.de\/index.php?rest_route=%2Fwp%2Fv2%2Fmedia&parent=100"}],"curies":[{"name":"wp","href":"https:\/\/api.w.org\/{rel}","templated":true}]}}